+ 8. What is p(d)?
-4
Let w(x) = 6*x + 4*x - x. Suppose -4 = 6*o - 10*o. What is w(o)?
9
Let z(x) = -x**2 + 8*x + 3. Let d(q) = -q**2 + 14*q + 18. Let l be d(15). Suppose -l*o + 13 = 2*j, -5*j + 2*o + 37 = 5*o. What is z(j)?
3
Suppose -4*f - 2*f = 0. Suppose f = -4*s + 5*s. Suppose s = -b + g + 10, b + 0*g + 2*g = 1. Let c(d) = -d + 9. Calculate c(b).
2
Let t be -1*4/((-4)/1). Let c(h) = -h**3 - h**2 - 1. Let j(l) = -6*l**3 - 12*l**2 - 10. Let k(r) = t*j(r) - 5*c(r). Determine k(-7).
-5
Let f(q) = -q**3 - q**2 + 3*q + 4. Suppose 6*w - 260 = w. Let b = 49 - w. Calculate f(b).
13
Suppose 34*x + 16 = 38*x. Let d(z) = -3*z - x - 9*z + 13*z. Give d(3).
-1
Let z(s) be the second derivative of s**3/6 + s**2 + 2*s. Suppose -5*y - 14 = -3*y. Calculate z(y).
-5
Suppose -4 = 3*k - 4*w + 18, 0 = 4*w - 16. Let f(n) = -3*n - 10. Let g be f(k). Let h(m) = 2*m - m**2 - 3*m**2 - m**3 + 0*m + 5. Determine h(g).
-3
Suppose 3*w - 30 = 2*j - 11, -35 = 3*j + 2*w. Suppose 2*n = -2, -15 - 34 = 3*p + 4*n. Let t = j - p. Let c(i) = -i**3 + 5*i**2 - 7*i + 6. Give c(t).
-6
Let s(h) = 2*h + 1. Let d be (160/(-28))/((-4)/14). Let z = d + -24. Calculate s(z).
-7
Let o(u) = u**3 - 4*u**2 + u - 5. Suppose 72 = 5*z + 4*z. Suppose 0 = n - 6*n + 25. Suppose n*k + 12 = z*k. Calculate o(k).
-1
Let t(a) = 8*a + 35. Let p be t(-5). Let j(w) = 6*w + 29. Calculate j(p).
-1
Let w(k) = -2*k**2 + 2*k**2 + 117*k + k**2 - 114*k. Give w(-4).
4
Suppose -7 = -2*j + 1. Let c be 1/j*-2*0 - 7. Let x(y) = -y**3 - 6*y**2 + 7*y + 4. Calculate x(c).
4
Let a(b) = 0 + b**2 + 6*b + 0 + 2 + 3. Suppose -3*o - 3*f = -162, -2*f - 100 = -2*o - 4. Let m be ((-15)/12)/(o/12 - 4). Give a(m).
0
Let l(z) = z**3 - 3*z**2 - 6. Let y(a) = -2*a**3 + 4*a**2 + 7. Let p(n) = 3*l(n) + 2*y(n). What is p(-2)?
0
Let x(v) = -v**3 + v**2 - v + 1. Let w(d) = -4*d**3 + 7*d**2 - d - 2. Let s(u) = w(u) - 3*x(u). Suppose 12 = 12*c - 9*c. Give s(c).
3
Let b(k) = 0*k**3 - k**3 - 27 + 62 - 14*k - 11*k**2 - 6*k**2 + 0*k**3. Determine b(-16).
3
Let k = 2054 - 2068. Let v(l) = -l - 15. Determine v(k).
-1
Let n(f) = -f**3 - 16*f**2 + 11*f - 12. Let l(p) = -p**3 - 17*p**2 + 9*p - 12. Let z(g) = -2*l(g) + 3*n(g). Give z(-15).
-12
Suppose 4*x = -4*g, x + 4*g + 18 = 6*x. Let l(s) = -4*s + 2 + 3*s + x*s. Let a be ((-121)/(-33) - (0 - (2 + -5)))*3. Calculate l(a).
4
Suppose -3 = -4*h + 3*h, 3*k = -5*h + 39. Suppose -v - 5 - 6 = -5*n, -2*v - 5*n + k = 0. Let j(t) = 13*t**2 + t + 1. Give j(v).
13
Let i(j) = -j**2 + 15*j - 16. Let t(a) = -a**3 - 20*a**2 - 31*a + 104. Let n be t(-18). Determine i(n).
-2
Let y(w) = -2*w + 6*w - 10*w - w - 5*w. Give y(1).
-12
Suppose b = -0*b + 10. Suppose -b*l + 3 + 27 = 0. Let h(o) = -o**2 - 2*o - 3. Determine h(l).
-18
Suppose -2*d + 7*d - 20 = 0. Suppose d*s - w = 2*w - 3, 2*w = -s + 13. Let k(b) = -2 - 1 + 2*b + 0. Determine k(s).
3
Let j(w) = -4 + w**2 - 1271*w + 0 + 1261*w. Calculate j(7).
-25
Let t(p) = -p + 4 - 3 - 3. Suppose -188 + 68 = 6*v + 9*v. Determine t(v).
6
Let q(s) be the first derivative of -s**4/24 - 5*s**3/6 - 25*s**2/2 + 28. Let z(j) be the second derivative of q(j). Calculate z(-9).
4
Let a(x) = -x**3 + 2*x**2 - x + 4. Suppose 0 = -8*t - 16*t + 72. What is a(t)?
-8
Let x(c) = -c**3 - c**2 + 3. Let q be x(0). Let a(i) = i**3 - 13*i**2 + 6. Let n be a(13). Suppose -3*l - n = q. Let p(w) = -w**3 - w**2 + 5*w + 2. Give p(l).
5
Let r(h) = 5*h - 7. Let p be 64/48 + 4/6. Let g be r(p). Let z(o) = -g - 7*o + o + 0*o. What is z(-2)?
9
Let f(s) be the second derivative of s**4/12 + 2*s**3/3 + 7*s**2/2 + 142*s. Calculate f(-5).
12
Let l = -54 + 59. Suppose 0*g + l*s = -2*g - 18, 5*s = -5*g - 15. Let j(b) = 10*b**3 - 2*b**2 + 2*b - 1. What is j(g)?
9
Suppose 0 = -11*r - 63 - 25. Let k(n) = n**2 + 9*n - 7. Determine k(r).
-15
Suppose -36 = -6*o - 3*o. Let r(d) = -d**3 - 1 + o*d**3 + 5*d**2 - 2*d**3. Calculate r(-5).
-1
Let o(u) = 3*u - 3. Let m(j) be the second derivative of j**4/12 + 2*j**3 - 49*j**2/2 - 2*j. Let p be m(-15). Calculate o(p).
-15
Let w(o) = -2*o - 9. Let j = -18 + 20. Suppose 12 = 2*k + j*k. Suppose 2*m = k*m + 7. Give w(m).
5
Suppose -3*q + 4 = -11. Let u(c) = c**3 + 6*c**2 - 8*c - 4. Let j be u(-7). Let d(v) = j*v - q*v - 13*v. What is d(-1)?
15
Let q(a) = a**2 - a. Suppose g + 2*g + 15 = 4*t, -4*t - 2*g + 10 = 0. Let y be (-1)/3 + (-2)/t. What is q(y)?
2
Let b(c) be the first derivative of -c**2 - 2*c + 670. Let k(o) = -6*o**2 + 1. Let h be k(1). Calculate b(h).
8
Let k(m) = 7*m**2 + 24*m + 19. Let b(x) = -19*x**2 - 67*x - 57. Let a(r) = -3*b(r) - 8*k(r). Give a(-11).
41
Suppose -26 = 3*x - s - 0*s, -3*x - 31 = -2*s. Let o(h) = -6*h - 20. What is o(x)?
22
Let v(k) = k**3 + 11*k**2 + 19*k + 14. Let u be v(-9). Let s(q) = q**3 - 7*q**2 + 5*q - 3. Calculate s(u).
-28
Let t(m) = 14 + 452*m - 216*m - 235*m. Determine t(-14).
0
Let j(c) = -c**2 - 2*c. Let g(d) be the first derivative of -d**3/3 + d**2 - 2*d + 2. Let p be g(2). Determine j(p).
0
Let p(f) be the first derivative of -5/2*f**2 + 2*f + 3 + 1/3*f**3. Calculate p(5).
2
Let q(r) = -r**3 - 6*r**2 - 4*r + 3. Let w be q(-5). Let i(a) = a**3 + 2*a**2 + 2*a. Let s be i(w). Let m(o) = o**3 + 4*o**2 - 2*o + 1. Determine m(s).
9
Let z(k) = 8*k**2 + 6*k + 3. Let l(b) = 4*b**2 + 2*b + 1. Let p(y) = -5*l(y) + 2*z(y). Calculate p(-2).
-19
Let z(j) = j**2 + 6*j + 6. Let n be z(-6). Let d(r) = 6*r**2 - 4 - r**2 - 5*r**2 - n*r - r**2. Give d(-5).
1
Let p be 2/6*(-3 + 0). Let z(o) = -4*o + 10. Let d(a) = 2*a - 19. Let g(j) = d(j) + 2*z(j). Give g(p).
7
Let c = -101 - -209. Let d = -63 + c. Let r be 18/d + (-32)/5. Let u(t) = -t**3 - 5*t**2 + 3*t - 3. Calculate u(r).
15
Suppose 2*f - 27 = 53. Let v = -44 + f. Let j(p) = p**2 + 6*p. Give j(v).
-8
Let c(k) = k**3 + 5*k**2 + 16*k - 11*k + 8 - 10*k. Let j be c(-6). Let u(x) = 3*x**2 + 4 + 5*x**3 + x - 5*x**3 - x**3 + 2*x**j. Determine u(5).
9
Suppose 0 = 3*x - 4*c - 32, -5*x + 3*c + 72 = c. Let q = 10 - x. Let i(j) = 2*j - 7. Give i(q).
-19
Let w(d) = -3*d + 5. Let a(g) = -1. Let t be -2 - (6 + -1 + -3). Let i(v) = t*a(v) - w(v). What is i(1)?
2
Let p be 3/((-15)/(-2))*-5. Let n(o) be the third derivative of o**6/120 + o**5/60 + o**4/3 - 13*o**2. Let g(s) be the second derivative of n(s). Give g(p).
-10
Let c(s) = -s - 17. Let m be c(5). Let n = 15 + m. Let o(i) = i + 5. Calculate o(n).
-2
Suppose -2*n = 2*i + 2*n - 10, -n + 1 = 0. Let w(a) = 2*a - 3. Let b(y) = -2*y + 3. Let x(t) = -3*b(t) - 2*w(t). What is x(i)?
3
Let f(y) = -3*y - 72*y**3 + 73*y**3 - 5*y**2 + 3*y**2. What is f(-2)?
-10
Let t(l) = -2*l + 7. Let r(i) = 80*i**3 - 2*i - 1. Let a be r(-1). Let h = a + 86. Determine t(h).
-7
Let x(l) = -9*l + 2. Let u(y) = -4*y + 1. Let a(j) = -7*u(j) + 3*x(j). Let m(f) = f + 20. Let w be m(-12). Suppose 5*p + 18 = w*p. Determine a(p).
5
Suppose 4*a - 4*q - 24 = 0, a - 4*a + 5*q = -24. Let b(f) = f**3 - 3*f**2 + 1. Determine b(a).
1
Let x(v) = v - 1. Let h = 4 - 4. Suppose h*r - 2*r + 32 = -3*m, -2*r - 5*m + 32 = 0. Suppose p + 4*i = -1 - 7, 0 = -p + 4*i + r. Give x(p).
3
Let f(y) = -2*y**2 - 20*y - 27. Let h be f(-8). Let r(b) = 3*b - 7. Determine r(h).
8
Suppose -a - 3*a = 8. Let j(w) be the first derivative of 2*w**3/3 - w**2 - 2*w + 289. What is j(a)?
10
Suppose 10*v = 2*v - 48. Let x(s) = -2*s + 3. Let c(u) = -u + 2. Let y(p) = v*x(p) + 11*c(p). Calculate y(-4).
0
Let n(o) = -2*o - 14. Let s(g) = 3*g + 18. Let c(y) = 9*n(y) + 7*s(y). Determine c(3).
9
Let o(i) be the third derivative of -i**5/120 - i**4/24 - i**3/3 - i**2. Let y(f) be the first derivative of o(f). Suppose -13 = 2*p - 1. What is y(p)?
5
Let j(d) = 2*d**2 - 6*d - 1. Let r(z) = -3*z**2 + 9*z + 2. Let a(l) = -7*j(l) - 5*r(l). Determine a(5).
7
Let w(k) be the second derivative of -k**4/12 - 7*k**3/6 - 5*k**2 - 2*k - 21. Determine w(-6).
-4
Let h(o) = o**3 + 6*o**2 + 4*o + 7. Suppose 4*p - 8 = 0, 4*i - 2*p = 5*i - 9. Suppose i*y + 13 = -12. What is h(y)?
12
Suppose 0 = -4*y + x + x + 54, -y - x = -21. Suppose 18*o - y*o = 0. Let l(c) = c**3 + c**2 + 9. Give l(o).
9
Let p(m) = -m**3 - 6*m**2 - m + 5. Let r be 4*3*3/(-36). Let v be r*5*(4 + -5). Suppose 0 = -v*g - 4*u - 18, 0 = 4*u - 3*u - 3. What is p(g)?
11
Let n(z) = -z**3 + 42*z**2 - 42*z + 33. Let d be n(41). Let v(o) = o**2 + 5*o - 11. Calculate v(d).
13
Let x(b) = -b**2 - b + 2.